{"id":3000,"date":"2025-10-23T15:40:00","date_gmt":"2025-10-23T15:40:00","guid":{"rendered":"https:\/\/camiloafiliadosofertas.com\/?page_id=3000"},"modified":"2026-02-15T02:49:13","modified_gmt":"2026-02-15T02:49:13","slug":"contato-guia-das-financas","status":"publish","type":"page","link":"https:\/\/camiloafiliadosofertas.com\/?page_id=3000","title":{"rendered":"Contato \u2013 Guia das Finan\u00e7as"},"content":{"rendered":"<p>No <strong data-end=\"278\" data-start=\"257\">Guia das Finan\u00e7as<\/strong>, valorizamos a comunica\u00e7\u00e3o aberta e direta com nossos leitores. Esta p\u00e1gina foi criada para que voc\u00ea possa entrar em contato conosco de maneira pr\u00e1tica, seja para <strong data-end=\"523\" data-start=\"442\">tirar d\u00favidas, enviar sugest\u00f5es, solicitar parcerias ou compartilhar feedback<\/strong>.<\/p>\n<h3 data-end=\"558\" data-start=\"528\"><strong data-end=\"556\" data-start=\"532\">1. Formas de contato<\/strong><\/h3>\n<p data-end=\"605\" data-start=\"559\">Voc\u00ea pode nos contatar de diversas maneiras:<\/p>\n<ol data-end=\"1355\" data-start=\"607\">\n<li data-end=\"844\" data-start=\"607\">\n<p data-end=\"844\" data-start=\"610\"><strong data-end=\"636\" data-start=\"610\">Formul\u00e1rio de contato:<\/strong><br data-end=\"639\" data-start=\"636\" \/><br \/>\nNo pr\u00f3prio site, disponibilizamos um formul\u00e1rio simples e seguro. Basta preencher os campos com seu nome, e-mail, assunto e mensagem. Assim que recebermos, nossa equipe responder\u00e1 o mais r\u00e1pido poss\u00edvel.<\/p>\n<\/li>\n<li data-end=\"1096\" data-start=\"846\">\n<p data-end=\"1096\" data-start=\"849\"><strong data-end=\"867\" data-start=\"849\">E-mail direto:<\/strong><br data-end=\"870\" data-start=\"867\" \/><br \/>\nVoc\u00ea tamb\u00e9m pode enviar sua mensagem diretamente para:<br data-end=\"927\" data-start=\"924\" \/><br \/>\n<strong data-end=\"958\" data-start=\"927\"><a class=\"decorated-link cursor-pointer\" data-end=\"956\" data-start=\"929\" href=\"mailto:camiloemerick042@gmail.com\" rel=\"noopener\">contato@guiadasfinancas.com<span aria-hidden=\"true\" class=\"ms-0.5 inline-block align-middle leading-none\"><\/span><\/a><\/strong><br data-end=\"961\" data-start=\"958\" \/><br \/>\nGarantimos que todos os e-mails ser\u00e3o lidos e respondidos com aten\u00e7\u00e3o, prezando pelo esclarecimento completo de cada quest\u00e3o enviada.<\/p>\n<\/li>\n<li data-end=\"1355\" data-start=\"1098\">\n<p data-end=\"1355\" data-start=\"1101\"><strong data-end=\"1119\" data-start=\"1101\">Redes sociais:<\/strong><br data-end=\"1122\" data-start=\"1119\" \/><br \/>\nO <strong data-end=\"1145\" data-start=\"1124\">Guia das Finan\u00e7as<\/strong> est\u00e1 presente nas principais redes sociais, onde voc\u00ea pode acompanhar novidades, dicas r\u00e1pidas e interagir com nosso conte\u00fado. Links para redes sociais est\u00e3o dispon\u00edveis no rodap\u00e9 e na barra lateral do blog.<\/p>\n<\/li>\n<\/ol>\n<hr data-end=\"1360\" data-start=\"1357\" \/>\n<h3 data-end=\"1403\" data-start=\"1362\"><strong data-end=\"1401\" data-start=\"1366\">2. Dicas para contato eficiente<\/strong><\/h3>\n<p data-end=\"1482\" data-start=\"1404\">Para que possamos atender voc\u00ea da melhor maneira poss\u00edvel, recomendamos que:<\/p>\n<ul data-end=\"1720\" data-start=\"1483\">\n<li data-end=\"1525\" data-start=\"1483\">\n<p data-end=\"1525\" data-start=\"1485\">Seja claro e objetivo na sua mensagem;<\/p>\n<\/li>\n<li data-end=\"1569\" data-start=\"1526\">\n<p data-end=\"1569\" data-start=\"1528\">Informe seu nome e e-mail corretamente;<\/p>\n<\/li>\n<li data-end=\"1631\" data-start=\"1570\">\n<p data-end=\"1631\" data-start=\"1572\">Explique detalhadamente sua d\u00favida, sugest\u00e3o ou feedback;<\/p>\n<\/li>\n<li data-end=\"1720\" data-start=\"1632\">\n<p data-end=\"1720\" data-start=\"1634\">Evite enviar mensagens com dados sens\u00edveis desnecess\u00e1rios, garantindo sua seguran\u00e7a.<\/p>\n<\/li>\n<\/ul>\n<p data-end=\"1808\" data-start=\"1722\">Ao seguir essas orienta\u00e7\u00f5es, conseguimos fornecer respostas mais r\u00e1pidas e precisas.<\/p>\n<hr data-end=\"1813\" data-start=\"1810\" \/>\n<h3 data-end=\"1853\" data-start=\"1815\"><strong data-end=\"1851\" data-start=\"1819\">3. Compromisso com o usu\u00e1rio<\/strong><\/h3>\n<p data-end=\"2179\" data-start=\"1854\">Nosso compromisso \u00e9 manter um <strong data-end=\"1933\" data-start=\"1884\">canal de comunica\u00e7\u00e3o eficiente e transparente<\/strong>. Todas as mensagens enviadas s\u00e3o tratadas com <strong data-end=\"2012\" data-start=\"1980\">confidencialidade e respeito<\/strong>. N\u00e3o compartilhamos informa\u00e7\u00f5es pessoais com terceiros, exceto quando exigido por lei ou para proteger nossos direitos, propriedade ou seguran\u00e7a de nossos usu\u00e1rios.<\/p>\n<p data-end=\"2243\" data-start=\"2181\">Al\u00e9m disso, usamos estas informa\u00e7\u00f5es de contato apenas para:<\/p>\n<ul data-end=\"2458\" data-start=\"2244\">\n<li data-end=\"2281\" data-start=\"2244\">\n<p data-end=\"2281\" data-start=\"2246\">Responder d\u00favidas e solicita\u00e7\u00f5es;<\/p>\n<\/li>\n<li data-end=\"2386\" data-start=\"2282\">\n<p data-end=\"2386\" data-start=\"2284\">Enviar conte\u00fados relevantes ou atualiza\u00e7\u00f5es do blog (somente se voc\u00ea optar por receber newsletters);<\/p>\n<\/li>\n<li data-end=\"2458\" data-start=\"2387\">\n<p data-end=\"2458\" data-start=\"2389\">Melhorar nossos servi\u00e7os e conte\u00fados com base no feedback recebido.<\/p>\n<\/li>\n<\/ul>\n<hr data-end=\"2463\" data-start=\"2460\" \/>\n<h3 data-end=\"2501\" data-start=\"2465\"><strong data-end=\"2499\" data-start=\"2469\">4. Seguran\u00e7a e privacidade<\/strong><\/h3>\n<p data-end=\"2782\" data-start=\"2502\">Ao entrar em contato com o <strong data-end=\"2550\" data-start=\"2529\">Guia das Finan\u00e7as<\/strong>, garantimos que suas informa\u00e7\u00f5es estar\u00e3o <strong data-end=\"2616\" data-start=\"2592\">seguras e protegidas<\/strong>. Nossos sistemas utilizam m\u00e9todos confi\u00e1veis para armazenamento e envio de dados, evitando acesso n\u00e3o autorizado, altera\u00e7\u00e3o ou divulga\u00e7\u00e3o das informa\u00e7\u00f5es enviadas.<\/p>\n<p data-end=\"3003\" data-start=\"2784\">Lembre-se: <strong data-end=\"2867\" data-start=\"2795\">nunca solicitaremos senhas, dados banc\u00e1rios ou informa\u00e7\u00f5es sens\u00edveis<\/strong> atrav\u00e9s do formul\u00e1rio ou e-mail. Caso receba qualquer mensagem suspeita, entre em contato imediatamente para que possamos investigar.<\/p>\n<hr data-end=\"3008\" data-start=\"3005\" \/>\n<h3 data-end=\"3040\" data-start=\"3010\"><strong data-end=\"3038\" data-start=\"3014\">5. Tempo de resposta<\/strong><\/h3>\n<p data-end=\"3263\" data-start=\"3041\">Nosso objetivo \u00e9 responder todas as mensagens em at\u00e9 <strong data-end=\"3112\" data-start=\"3094\">48 horas \u00fateis<\/strong>. Em per\u00edodos de maior demanda, esse prazo pode se estender, mas garantimos que todas as solicita\u00e7\u00f5es ser\u00e3o atendidas com aten\u00e7\u00e3o e profissionalismo.<\/p>\n<p data-end=\"3297\" data-start=\"3265\">Para garantir maior agilidade:<\/p>\n<ul data-end=\"3465\" data-start=\"3298\">\n<li data-end=\"3339\" data-start=\"3298\">\n<p data-end=\"3339\" data-start=\"3300\">Verifique se seu e-mail est\u00e1 correto;<\/p>\n<\/li>\n<li data-end=\"3374\" data-start=\"3340\">\n<p data-end=\"3374\" data-start=\"3342\">Use um assunto claro e direto;<\/p>\n<\/li>\n<li data-end=\"3465\" data-start=\"3375\">\n<p data-end=\"3465\" data-start=\"3377\">Evite enviar m\u00faltiplas mensagens sobre o mesmo assunto, pois isso pode gerar confus\u00e3o.<\/p>\n<\/li>\n<\/ul>\n<hr data-end=\"3470\" data-start=\"3467\" \/>\n<h3 data-end=\"3505\" data-start=\"3472\"><strong data-end=\"3503\" data-start=\"3476\">6. Sugest\u00f5es e feedback<\/strong><\/h3>\n<p data-end=\"3787\" data-start=\"3506\">A opini\u00e3o dos nossos leitores \u00e9 essencial para o crescimento do <strong data-end=\"3591\" data-start=\"3570\">Guia das Finan\u00e7as<\/strong>. Aceitamos sugest\u00f5es de temas, coment\u00e1rios sobre os artigos publicados e feedback sobre a experi\u00eancia no blog. Todas as contribui\u00e7\u00f5es s\u00e3o analisadas e podem ser incorporadas em novos conte\u00fados.<\/p>\n<p data-end=\"4027\" data-start=\"3789\">Nosso objetivo \u00e9 criar <strong data-end=\"3845\" data-start=\"3812\">uma comunidade de aprendizado<\/strong>, onde leitores possam se sentir ouvidos, seguros e valorizados. Cada coment\u00e1rio ou sugest\u00e3o contribui para aprimorar nosso conte\u00fado e tornar o blog cada vez mais \u00fatil e confi\u00e1vel.<\/p>\n<hr data-end=\"4032\" data-start=\"4029\" \/>\n<h3 data-end=\"4072\" data-start=\"4034\"><strong data-end=\"4070\" data-start=\"4038\">7. Parcerias e oportunidades<\/strong><\/h3>\n<p data-end=\"4431\" data-start=\"4073\">Se voc\u00ea deseja propor parcerias, divulga\u00e7\u00e3o de servi\u00e7os ou oportunidades comerciais, utilize o formul\u00e1rio ou e-mail de contato e descreva detalhadamente sua proposta. Todas as solicita\u00e7\u00f5es ser\u00e3o avaliadas com <strong data-end=\"4311\" data-start=\"4282\">transpar\u00eancia e seriedade<\/strong>, garantindo que qualquer colabora\u00e7\u00e3o esteja alinhada \u00e0 miss\u00e3o do blog: <strong data-end=\"4428\" data-start=\"4383\">educa\u00e7\u00e3o financeira acess\u00edvel e confi\u00e1vel<\/strong>.<\/p>\n<p data-end=\"4679\" data-start=\"4458\">O <strong data-end=\"4481\" data-start=\"4460\">Guia das Finan\u00e7as<\/strong> valoriza cada visitante e busca oferecer um <strong data-end=\"4573\" data-start=\"4526\">canal de contato seguro, r\u00e1pido e eficiente<\/strong>. Estamos \u00e0 disposi\u00e7\u00e3o para esclarecer d\u00favidas, ouvir sugest\u00f5es e melhorar continuamente nosso conte\u00fado.<\/p>\n<p data-end=\"4802\" data-start=\"4681\"><strong data-end=\"4800\" data-start=\"4681\">Entre em contato conosco e fa\u00e7a parte dessa jornada rumo \u00e0 educa\u00e7\u00e3o financeira, estabilidade e liberdade econ\u00f4mica.<\/strong><\/p>\n<p><iframe data-src=\"https:\/\/docs.google.com\/forms\/d\/e\/1FAIpQLScbLB-LDTMe9ZcE4f7mzMQhF8-ja8yEbhFz0ZyReYkCtFkb1Q\/viewform?embedded=true\" width=\"640\" height=\"959\" frameborder=\"0\" src=\"data:image\/svg+xml;base64,PHN2ZyB3aWR0aD0iMSIgaGVpZ2h0PSIxIiB4bWxucz0iaHR0cDovL3d3dy53My5vcmcvMjAwMC9zdmciPjwvc3ZnPg==\" class=\"lazyload\" data-load-mode=\"1\">Carregando\u2026<\/iframe><\/p>\n","protected":false},"excerpt":{"rendered":"<p>No Guia das Finan\u00e7as, valorizamos a comunica\u00e7\u00e3o aberta e direta com nossos leitores. Esta p\u00e1gina foi criada para que voc\u00ea [&hellip;]<\/p>\n","protected":false},"author":1,"featured_media":0,"parent":0,"menu_order":0,"comment_status":"closed","ping_status":"closed","template":"","meta":{"_uag_custom_page_level_css":"","site-sidebar-layout":"default","site-content-layout":"","ast-site-content-layout":"default","site-content-style":"default","site-sidebar-style":"default","ast-global-header-display":"","ast-banner-title-visibility":"","ast-main-header-display":"","ast-hfb-above-header-display":"","ast-hfb-below-header-display":"","ast-hfb-mobile-header-display":"","site-post-title":"","ast-breadcrumbs-content":"","ast-featured-img":"","footer-sml-layout":"","ast-disable-related-posts":"","theme-transparent-header-meta":"","adv-header-id-meta":"","stick-header-meta":"","header-above-stick-meta":"","header-main-stick-meta":"","header-below-stick-meta":"","astra-migrate-meta-layouts":"default","ast-page-background-enabled":"default","ast-page-background-meta":{"desktop":{"background-color":"var(--ast-global-color-5)","background-image":"","background-repeat":"repeat","background-position":"center center","background-size":"auto","background-attachment":"scroll","background-type":"","background-media":"","overlay-type":"","overlay-color":"","overlay-opacity":"","overlay-gradient":""},"tablet":{"background-color":"","background-image":"","background-repeat":"repeat","background-position":"center center","background-size":"auto","background-attachment":"scroll","background-type":"","background-media":"","overlay-type":"","overlay-color":"","overlay-opacity":"","overlay-gradient":""},"mobile":{"background-color":"","background-image":"","background-repeat":"repeat","background-position":"center center","background-size":"auto","background-attachment":"scroll","background-type":"","background-media":"","overlay-type":"","overlay-color":"","overlay-opacity":"","overlay-gradient":""}},"ast-content-background-meta":{"desktop":{"background-color":"var(--ast-global-color-4)","background-image":"","background-repeat":"repeat","background-position":"center center","background-size":"auto","background-attachment":"scroll","background-type":"","background-media":"","overlay-type":"","overlay-color":"","overlay-opacity":"","overlay-gradient":""},"tablet":{"background-color":"var(--ast-global-color-4)","background-image":"","background-repeat":"repeat","background-position":"center center","background-size":"auto","background-attachment":"scroll","background-type":"","background-media":"","overlay-type":"","overlay-color":"","overlay-opacity":"","overlay-gradient":""},"mobile":{"background-color":"var(--ast-global-color-4)","background-image":"","background-repeat":"repeat","background-position":"center center","background-size":"auto","background-attachment":"scroll","background-type":"","background-media":"","overlay-type":"","overlay-color":"","overlay-opacity":"","overlay-gradient":""}},"footnotes":""},"class_list":["post-3000","page","type-page","status-publish","hentry"],"uagb_featured_image_src":{"full":false,"thumbnail":false,"medium":false,"medium_large":false,"large":false,"1536x1536":false,"2048x2048":false,"woocommerce_thumbnail":false,"woocommerce_single":false,"woocommerce_gallery_thumbnail":false},"uagb_author_info":{"display_name":"camiloemerick042@gmail.com","author_link":"https:\/\/camiloafiliadosofertas.com\/author\/camiloemerick042gmail-com"},"uagb_comment_info":0,"uagb_excerpt":"No Guia das Finan\u00e7as, valorizamos a comunica\u00e7\u00e3o aberta e direta com nossos leitores. Esta p\u00e1gina foi criada para que voc\u00ea [&hellip;]","_links":{"self":[{"href":"https:\/\/camiloafiliadosofertas.com\/index.php?rest_route=\/wp\/v2\/pages\/3000","targetHints":{"allow":["GET"]}}],"collection":[{"href":"https:\/\/camiloafiliadosofertas.com\/index.php?rest_route=\/wp\/v2\/pages"}],"about":[{"href":"https:\/\/camiloafiliadosofertas.com\/index.php?rest_route=\/wp\/v2\/types\/page"}],"author":[{"embeddable":true,"href":"https:\/\/camiloafiliadosofertas.com\/index.php?rest_route=\/wp\/v2\/users\/1"}],"replies":[{"embeddable":true,"href":"https:\/\/camiloafiliadosofertas.com\/index.php?rest_route=%2Fwp%2Fv2%2Fcomments&post=3000"}],"version-history":[{"count":1,"href":"https:\/\/camiloafiliadosofertas.com\/index.php?rest_route=\/wp\/v2\/pages\/3000\/revisions"}],"predecessor-version":[{"id":3001,"href":"https:\/\/camiloafiliadosofertas.com\/index.php?rest_route=\/wp\/v2\/pages\/3000\/revisions\/3001"}],"wp:attachment":[{"href":"https:\/\/camiloafiliadosofertas.com\/index.php?rest_route=%2Fwp%2Fv2%2Fmedia&parent=3000"}],"curies":[{"name":"wp","href":"https:\/\/api.w.org\/{rel}","templated":true}]}}