{"id":66,"date":"2026-01-10T18:32:59","date_gmt":"2026-01-10T18:32:59","guid":{"rendered":"https:\/\/dimgrey-dunlin-234767.hostingersite.com\/?page_id=66"},"modified":"2026-01-10T18:33:00","modified_gmt":"2026-01-10T18:33:00","slug":"%f0%9f%93%9c-termos-de-uso","status":"publish","type":"page","link":"https:\/\/camiloafiliadosofertas.com\/?page_id=66","title":{"rendered":"\ud83d\udcdc TERMOS DE USO"},"content":{"rendered":"\n<p><strong>\u00daltima atualiza\u00e7\u00e3o:<\/strong> Janeiro de 2026<\/p>\n\n\n\n<p>Ao acessar o site <strong>Celulares &amp; PCsI<\/strong>, voc\u00ea concorda com os termos e condi\u00e7\u00f5es descritos abaixo.<\/p>\n\n\n\n<h2 class=\"wp-block-heading\">1. Objetivo do Site<\/h2>\n\n\n\n<p>A <strong>Celulares &amp; PCsI<\/strong> \u00e9 uma loja virtual informativa que divulga produtos eletr\u00f4nicos por meio de links de afiliados, direcionando o usu\u00e1rio para plataformas externas como Amazon e Mercado Livre.<\/p>\n\n\n\n<h2 class=\"wp-block-heading\">2. Uso do Conte\u00fado<\/h2>\n\n\n\n<p>Todo o conte\u00fado do site \u00e9 protegido por direitos autorais. \u00c9 proibida a reprodu\u00e7\u00e3o sem autoriza\u00e7\u00e3o pr\u00e9via.<\/p>\n\n\n\n<h2 class=\"wp-block-heading\">3. Responsabilidades do Usu\u00e1rio<\/h2>\n\n\n\n<p>O usu\u00e1rio compromete-se a:<\/p>\n\n\n\n<ul class=\"wp-block-list\">\n<li>Utilizar o site de forma l\u00edcita<\/li>\n\n\n\n<li>N\u00e3o praticar atos que prejudiquem o funcionamento da plataforma<\/li>\n<\/ul>\n\n\n\n<h2 class=\"wp-block-heading\">4. Limita\u00e7\u00e3o de Responsabilidade<\/h2>\n\n\n\n<p>N\u00e3o garantimos disponibilidade cont\u00ednua do site nem nos responsabilizamos por danos decorrentes do uso das informa\u00e7\u00f5es publicadas.<\/p>\n\n\n\n<h2 class=\"wp-block-heading\">5. Altera\u00e7\u00f5es<\/h2>\n\n\n\n<p>Os termos podem ser alterados a qualquer momento, sem aviso pr\u00e9vio.<\/p>\n","protected":false},"excerpt":{"rendered":"<p>\u00daltima atualiza\u00e7\u00e3o: Janeiro de 2026 Ao acessar o site Celulares &amp; PCsI, voc\u00ea concorda com os termos e condi\u00e7\u00f5es descritos [&hellip;]<\/p>\n","protected":false},"author":1,"featured_media":0,"parent":0,"menu_order":0,"comment_status":"closed","ping_status":"closed","template":"","meta":{"_uag_custom_page_level_css":"","site-sidebar-layout":"default","site-content-layout":"","ast-site-content-layout":"default","site-content-style":"default","site-sidebar-style":"default","ast-global-header-display":"","ast-banner-title-visibility":"","ast-main-header-display":"","ast-hfb-above-header-display":"","ast-hfb-below-header-display":"","ast-hfb-mobile-header-display":"","site-post-title":"","ast-breadcrumbs-content":"","ast-featured-img":"","footer-sml-layout":"","ast-disable-related-posts":"","theme-transparent-header-meta":"","adv-header-id-meta":"","stick-header-meta":"","header-above-stick-meta":"","header-main-stick-meta":"","header-below-stick-meta":"","astra-migrate-meta-layouts":"default","ast-page-background-enabled":"default","ast-page-background-meta":{"desktop":{"background-color":"var(--ast-global-color-5)","background-image":"","background-repeat":"repeat","background-position":"center center","background-size":"auto","background-attachment":"scroll","background-type":"","background-media":"","overlay-type":"","overlay-color":"","overlay-opacity":"","overlay-gradient":""},"tablet":{"background-color":"","background-image":"","background-repeat":"repeat","background-position":"center center","background-size":"auto","background-attachment":"scroll","background-type":"","background-media":"","overlay-type":"","overlay-color":"","overlay-opacity":"","overlay-gradient":""},"mobile":{"background-color":"","background-image":"","background-repeat":"repeat","background-position":"center center","background-size":"auto","background-attachment":"scroll","background-type":"","background-media":"","overlay-type":"","overlay-color":"","overlay-opacity":"","overlay-gradient":""}},"ast-content-background-meta":{"desktop":{"background-color":"var(--ast-global-color-4)","background-image":"","background-repeat":"repeat","background-position":"center center","background-size":"auto","background-attachment":"scroll","background-type":"","background-media":"","overlay-type":"","overlay-color":"","overlay-opacity":"","overlay-gradient":""},"tablet":{"background-color":"var(--ast-global-color-4)","background-image":"","background-repeat":"repeat","background-position":"center center","background-size":"auto","background-attachment":"scroll","background-type":"","background-media":"","overlay-type":"","overlay-color":"","overlay-opacity":"","overlay-gradient":""},"mobile":{"background-color":"var(--ast-global-color-4)","background-image":"","background-repeat":"repeat","background-position":"center center","background-size":"auto","background-attachment":"scroll","background-type":"","background-media":"","overlay-type":"","overlay-color":"","overlay-opacity":"","overlay-gradient":""}},"footnotes":""},"class_list":["post-66","page","type-page","status-publish","hentry"],"uagb_featured_image_src":{"full":false,"thumbnail":false,"medium":false,"medium_large":false,"large":false,"1536x1536":false,"2048x2048":false,"woocommerce_thumbnail":false,"woocommerce_single":false,"woocommerce_gallery_thumbnail":false},"uagb_author_info":{"display_name":"camiloemerick042@gmail.com","author_link":"https:\/\/camiloafiliadosofertas.com\/author\/camiloemerick042gmail-com"},"uagb_comment_info":0,"uagb_excerpt":"\u00daltima atualiza\u00e7\u00e3o: Janeiro de 2026 Ao acessar o site Celulares &amp; PCsI, voc\u00ea concorda com os termos e condi\u00e7\u00f5es descritos [&hellip;]","_links":{"self":[{"href":"https:\/\/camiloafiliadosofertas.com\/index.php?rest_route=\/wp\/v2\/pages\/66","targetHints":{"allow":["GET"]}}],"collection":[{"href":"https:\/\/camiloafiliadosofertas.com\/index.php?rest_route=\/wp\/v2\/pages"}],"about":[{"href":"https:\/\/camiloafiliadosofertas.com\/index.php?rest_route=\/wp\/v2\/types\/page"}],"author":[{"embeddable":true,"href":"https:\/\/camiloafiliadosofertas.com\/index.php?rest_route=\/wp\/v2\/users\/1"}],"replies":[{"embeddable":true,"href":"https:\/\/camiloafiliadosofertas.com\/index.php?rest_route=%2Fwp%2Fv2%2Fcomments&post=66"}],"version-history":[{"count":1,"href":"https:\/\/camiloafiliadosofertas.com\/index.php?rest_route=\/wp\/v2\/pages\/66\/revisions"}],"predecessor-version":[{"id":67,"href":"https:\/\/camiloafiliadosofertas.com\/index.php?rest_route=\/wp\/v2\/pages\/66\/revisions\/67"}],"wp:attachment":[{"href":"https:\/\/camiloafiliadosofertas.com\/index.php?rest_route=%2Fwp%2Fv2%2Fmedia&parent=66"}],"curies":[{"name":"wp","href":"https:\/\/api.w.org\/{rel}","templated":true}]}}