{"id":156,"date":"2026-01-15T02:36:58","date_gmt":"2026-01-15T02:36:58","guid":{"rendered":"https:\/\/camiloafiliadosofertas.com\/?post_type=product&#038;p=156"},"modified":"2026-01-15T02:36:58","modified_gmt":"2026-01-15T02:36:58","slug":"iphone-17-pro-max-2tb-laranja-cosmico-distribuidor-autorizado","status":"publish","type":"product","link":"https:\/\/camiloafiliadosofertas.com\/?product=iphone-17-pro-max-2tb-laranja-cosmico-distribuidor-autorizado","title":{"rendered":"iPhone 17 Pro Max 2TB | Laranja-C\u00f3smico | Distribuidor Autorizado"},"content":{"rendered":"<p data-start=\"113\" data-end=\"345\">O <strong data-start=\"115\" data-end=\"159\">iPhone 17 Pro Max 2 TB \u2013 Laranja-C\u00f3smico<\/strong> \u00e9 um dos <strong data-start=\"169\" data-end=\"222\">smartphones mais avan\u00e7ados j\u00e1 lan\u00e7ados pela Apple<\/strong>, combinando <strong data-start=\"235\" data-end=\"306\">design premium, enorme espa\u00e7o de armazenamento e desempenho extremo<\/strong>.<\/p>\n<h3 data-start=\"347\" data-end=\"367\">\ud83d\udd25 Design e Tela<\/h3>\n<ul data-start=\"368\" data-end=\"842\">\n<li data-start=\"368\" data-end=\"478\">\n<p data-start=\"370\" data-end=\"478\"><strong data-start=\"370\" data-end=\"378\">Cor:<\/strong> Laranja-C\u00f3smico \u2014 um tom vibrante e moderno que se destaca.<\/p>\n<\/li>\n<li data-start=\"479\" data-end=\"664\">\n<p data-start=\"481\" data-end=\"664\"><strong data-start=\"481\" data-end=\"490\">Tela:<\/strong> <strong data-start=\"491\" data-end=\"533\">Super Retina XDR OLED de 6,9 polegadas<\/strong>, com resolu\u00e7\u00e3o elevada e cores vivas para v\u00eddeos, jogos e fotos com alto n\u00edvel de detalhe.<\/p>\n<\/li>\n<li data-start=\"665\" data-end=\"842\">\n<p data-start=\"667\" data-end=\"842\"><strong data-start=\"667\" data-end=\"682\">Constru\u00e7\u00e3o:<\/strong> <strong data-start=\"683\" data-end=\"716\">Estrutura unibody em alum\u00ednio<\/strong> com vidro <strong data-start=\"727\" data-end=\"747\">Ceramic Shield 2<\/strong>, oferecendo resist\u00eancia a riscos e maior durabilidade.<\/p>\n<\/li>\n<\/ul>\n<h3 data-start=\"844\" data-end=\"861\">\ud83d\ude80 Desempenho<\/h3>\n<ul data-start=\"862\" data-end=\"1324\">\n<li data-start=\"862\" data-end=\"1021\">\n<p data-start=\"864\" data-end=\"1021\"><strong data-start=\"864\" data-end=\"881\">Chip A19 Pro:<\/strong> processador de alta performance otimizado para jogos, multitarefa e edi\u00e7\u00e3o de fotos\/v\u00eddeos pesados.<\/p>\n<\/li>\n<li data-start=\"1022\" data-end=\"1192\">\n<p data-start=\"1024\" data-end=\"1192\"><strong data-start=\"1024\" data-end=\"1050\">Armazenamento gigante:<\/strong> at\u00e9 <strong data-start=\"1055\" data-end=\"1063\">2 TB<\/strong> para guardar <strong data-start=\"1077\" data-end=\"1123\">milhares de fotos, v\u00eddeos 4K, jogos e apps<\/strong> sem se preocupar com espa\u00e7o.<\/p>\n<\/li>\n<li data-start=\"1193\" data-end=\"1324\">\n<p data-start=\"1195\" data-end=\"1324\"><strong data-start=\"1195\" data-end=\"1215\">eSIM + Nano-SIM:<\/strong> compatibilidade com m\u00faltiplos planos e mais flexibilidade ao viajar.<\/p>\n<\/li>\n<\/ul>\n<h3 data-start=\"1326\" data-end=\"1355\">\ud83d\udcf8 Sistema de C\u00e2meras Pro<\/h3>\n<ul data-start=\"1356\" data-end=\"1816\">\n<li data-start=\"1356\" data-end=\"1518\">\n<p data-start=\"1358\" data-end=\"1518\"><strong data-start=\"1358\" data-end=\"1387\">Traseira tripla de 48 MP:<\/strong> excelente qualidade em fotos e v\u00eddeos com zoom \u00f3ptico avan\u00e7ado e resultados profissionais.<\/p>\n<\/li>\n<li data-start=\"1519\" data-end=\"1650\">\n<p data-start=\"1521\" data-end=\"1650\"><strong data-start=\"1521\" data-end=\"1557\">Zoom \u00f3ptico de qualidade at\u00e9 8x:<\/strong> permite capturar detalhes de longe mantendo nitidez.<\/p>\n<\/li>\n<li data-start=\"1651\" data-end=\"1816\">\n<p data-start=\"1653\" data-end=\"1816\"><strong data-start=\"1653\" data-end=\"1698\">C\u00e2mera frontal de 18 MP com Center Stage:<\/strong> enquadra automaticamente voc\u00ea e outras pessoas em v\u00eddeo chamadas e selfies.<\/p>\n<\/li>\n<\/ul>\n<h3 data-start=\"1818\" data-end=\"1848\">\ud83d\udd0b Bateria e Conectividade<\/h3>\n<ul data-start=\"1849\" data-end=\"2165\">\n<li data-start=\"1849\" data-end=\"2008\">\n<p data-start=\"1851\" data-end=\"2008\"><strong data-start=\"1851\" data-end=\"1871\">Autonomia longa:<\/strong> bateria projetada para durar o dia todo, incluindo at\u00e9 cerca de <strong data-start=\"1936\" data-end=\"1965\">37 h de v\u00eddeo reproduzido<\/strong>.<\/p>\n<\/li>\n<li data-start=\"2009\" data-end=\"2165\">\n<p data-start=\"2011\" data-end=\"2165\"><strong data-start=\"2011\" data-end=\"2037\">Conectividade moderna:<\/strong> suporte a <strong data-start=\"2048\" data-end=\"2084\">5G, Wi-Fi 7 e Bluetooth avan\u00e7ado<\/strong>, garantindo velocidade e estabilidade.<\/p>\n<\/li>\n<\/ul>\n<h3 data-start=\"2167\" data-end=\"2196\">\ud83c\udf10 Software e Experi\u00eancia<\/h3>\n<ul data-start=\"2197\" data-end=\"2515\">\n<li data-start=\"2197\" data-end=\"2363\">\n<p data-start=\"2199\" data-end=\"2363\"><strong data-start=\"2199\" data-end=\"2210\">iOS 26:<\/strong> sistema operacional com interface fluida, recursos inteligentes e atualiza\u00e7\u00f5es regulares diretamente da Apple.<\/p>\n<\/li>\n<li data-start=\"2364\" data-end=\"2515\">\n<p data-start=\"2366\" data-end=\"2515\"><strong data-start=\"2366\" data-end=\"2387\">ProMotion 120 Hz:<\/strong> tela com taxa de atualiza\u00e7\u00e3o adaptativa para movimentos mais suaves ao rolar e jogar.<\/p>\n<\/li>\n<\/ul>\n<h3 data-start=\"2517\" data-end=\"2543\">\ud83d\udccc Por que \u00e9 especial?<\/h3>\n<p data-start=\"2544\" data-end=\"2857\">Esse modelo \u00e9 ideal para quem quer o <strong data-start=\"2581\" data-end=\"2614\">m\u00e1ximo de desempenho e espa\u00e7o<\/strong> em um iPhone, perfeito para criadores de conte\u00fado, amantes de fotografia e usu\u00e1rios que consomem muitos v\u00eddeos e apps. O acabamento <strong data-start=\"2747\" data-end=\"2766\">Laranja-C\u00f3smico<\/strong> adiciona um toque \u00fanico e elegante ao dispositivo.<\/p>\n","protected":false},"excerpt":{"rendered":"<p>O iPhone 17 Pro Max 2 TB \u2013 Laranja-C\u00f3smico \u00e9 um dos smartphones mais avan\u00e7ados j\u00e1 lan\u00e7ados pela Apple, combinando [&hellip;]<\/p>\n","protected":false},"featured_media":157,"comment_status":"open","ping_status":"closed","template":"","meta":{"_uag_custom_page_level_css":"","site-sidebar-layout":"default","site-content-layout":"","ast-site-content-layout":"default","site-content-style":"default","site-sidebar-style":"default","ast-global-header-display":"","ast-banner-title-visibility":"","ast-main-header-display":"","ast-hfb-above-header-display":"","ast-hfb-below-header-display":"","ast-hfb-mobile-header-display":"","site-post-title":"","ast-breadcrumbs-content":"","ast-featured-img":"","footer-sml-layout":"","ast-disable-related-posts":"","theme-transparent-header-meta":"","adv-header-id-meta":"","stick-header-meta":"","header-above-stick-meta":"","header-main-stick-meta":"","header-below-stick-meta":"","astra-migrate-meta-layouts":"default","ast-page-background-enabled":"default","ast-page-background-meta":{"desktop":{"background-color":"var(--ast-global-color-5)","background-image":"","background-repeat":"repeat","background-position":"center center","background-size":"auto","background-attachment":"scroll","background-type":"","background-media":"","overlay-type":"","overlay-color":"","overlay-opacity":"","overlay-gradient":""},"tablet":{"background-color":"","background-image":"","background-repeat":"repeat","background-position":"center center","background-size":"auto","background-attachment":"scroll","background-type":"","background-media":"","overlay-type":"","overlay-color":"","overlay-opacity":"","overlay-gradient":""},"mobile":{"background-color":"","background-image":"","background-repeat":"repeat","background-position":"center center","background-size":"auto","background-attachment":"scroll","background-type":"","background-media":"","overlay-type":"","overlay-color":"","overlay-opacity":"","overlay-gradient":""}},"ast-content-background-meta":{"desktop":{"background-color":"var(--ast-global-color-4)","background-image":"","background-repeat":"repeat","background-position":"center center","background-size":"auto","background-attachment":"scroll","background-type":"","background-media":"","overlay-type":"","overlay-color":"","overlay-opacity":"","overlay-gradient":""},"tablet":{"background-color":"var(--ast-global-color-4)","background-image":"","background-repeat":"repeat","background-position":"center center","background-size":"auto","background-attachment":"scroll","background-type":"","background-media":"","overlay-type":"","overlay-color":"","overlay-opacity":"","overlay-gradient":""},"mobile":{"background-color":"var(--ast-global-color-4)","background-image":"","background-repeat":"repeat","background-position":"center center","background-size":"auto","background-attachment":"scroll","background-type":"","background-media":"","overlay-type":"","overlay-color":"","overlay-opacity":"","overlay-gradient":""}}},"product_brand":[20],"product_cat":[15],"product_tag":[],"class_list":{"0":"post-156","1":"product","2":"type-product","3":"status-publish","4":"has-post-thumbnail","6":"product_brand-aple","7":"product_cat-celulares","8":"desktop-align-left","9":"tablet-align-left","10":"mobile-align-left","11":"ast-product-gallery-layout-horizontal-slider","12":"ast-product-gallery-with-no-image","13":"ast-product-tabs-layout-horizontal","15":"first","16":"instock","17":"shipping-taxable","18":"product-type-external"},"uagb_featured_image_src":{"full":["https:\/\/camiloafiliadosofertas.com\/wp-content\/uploads\/2026\/01\/aG2Zzd4ZQZoY2ho4o8PaCZ-scaled.jpg",2560,1440,false],"thumbnail":["https:\/\/camiloafiliadosofertas.com\/wp-content\/uploads\/2026\/01\/aG2Zzd4ZQZoY2ho4o8PaCZ-150x150.jpg",150,150,true],"medium":["https:\/\/camiloafiliadosofertas.com\/wp-content\/uploads\/2026\/01\/aG2Zzd4ZQZoY2ho4o8PaCZ-300x169.jpg",300,169,true],"medium_large":["https:\/\/camiloafiliadosofertas.com\/wp-content\/uploads\/2026\/01\/aG2Zzd4ZQZoY2ho4o8PaCZ-768x432.jpg",768,432,true],"large":["https:\/\/camiloafiliadosofertas.com\/wp-content\/uploads\/2026\/01\/aG2Zzd4ZQZoY2ho4o8PaCZ-1024x576.jpg",1024,576,true],"1536x1536":["https:\/\/camiloafiliadosofertas.com\/wp-content\/uploads\/2026\/01\/aG2Zzd4ZQZoY2ho4o8PaCZ-1536x864.jpg",1536,864,true],"2048x2048":["https:\/\/camiloafiliadosofertas.com\/wp-content\/uploads\/2026\/01\/aG2Zzd4ZQZoY2ho4o8PaCZ-2048x1152.jpg",2048,1152,true],"woocommerce_thumbnail":["https:\/\/camiloafiliadosofertas.com\/wp-content\/uploads\/2026\/01\/aG2Zzd4ZQZoY2ho4o8PaCZ-scaled-324x324.jpg",300,300,true],"woocommerce_single":["https:\/\/camiloafiliadosofertas.com\/wp-content\/uploads\/2026\/01\/aG2Zzd4ZQZoY2ho4o8PaCZ-768x432.jpg",600,338,true],"woocommerce_gallery_thumbnail":["https:\/\/camiloafiliadosofertas.com\/wp-content\/uploads\/2026\/01\/aG2Zzd4ZQZoY2ho4o8PaCZ-scaled-100x100.jpg",100,100,true]},"uagb_author_info":{"display_name":"camiloemerick042@gmail.com","author_link":"https:\/\/camiloafiliadosofertas.com\/author"},"uagb_comment_info":0,"uagb_excerpt":"O iPhone 17 Pro Max 2 TB \u2013 Laranja-C\u00f3smico \u00e9 um dos smartphones mais avan\u00e7ados j\u00e1 lan\u00e7ados pela Apple, combinando [&hellip;]","_links":{"self":[{"href":"https:\/\/camiloafiliadosofertas.com\/index.php?rest_route=\/wp\/v2\/product\/156","targetHints":{"allow":["GET"]}}],"collection":[{"href":"https:\/\/camiloafiliadosofertas.com\/index.php?rest_route=\/wp\/v2\/product"}],"about":[{"href":"https:\/\/camiloafiliadosofertas.com\/index.php?rest_route=\/wp\/v2\/types\/product"}],"replies":[{"embeddable":true,"href":"https:\/\/camiloafiliadosofertas.com\/index.php?rest_route=%2Fwp%2Fv2%2Fcomments&post=156"}],"wp:featuredmedia":[{"embeddable":true,"href":"https:\/\/camiloafiliadosofertas.com\/index.php?rest_route=\/wp\/v2\/media\/157"}],"wp:attachment":[{"href":"https:\/\/camiloafiliadosofertas.com\/index.php?rest_route=%2Fwp%2Fv2%2Fmedia&parent=156"}],"wp:term":[{"taxonomy":"product_brand","embeddable":true,"href":"https:\/\/camiloafiliadosofertas.com\/index.php?rest_route=%2Fwp%2Fv2%2Fproduct_brand&post=156"},{"taxonomy":"product_cat","embeddable":true,"href":"https:\/\/camiloafiliadosofertas.com\/index.php?rest_route=%2Fwp%2Fv2%2Fproduct_cat&post=156"},{"taxonomy":"product_tag","embeddable":true,"href":"https:\/\/camiloafiliadosofertas.com\/index.php?rest_route=%2Fwp%2Fv2%2Fproduct_tag&post=156"}],"curies":[{"name":"wp","href":"https:\/\/api.w.org\/{rel}","templated":true}]}}